ose -2*p = -4*d - h*d + 352, p = 4. Suppose 0 = -2*n + 7*n - d. Calculate the highest common divisor of n and 126.
18
Let w(l) = -l**3 - 16*l**2 - 27*l + 16. Let v be w(-14). Suppose v*r - 33 = -r + u, 0 = 5*u + 15. What is the highest common factor of r and 15?
5
Let m(p) = 131*p**2 - 51*p + 163. Let n be m(3). What is the highest common divisor of n and 29?
29
Suppose 0 = 5*p - 64 + 19. Suppose -23*d - 222 + 636 = 0. What is the highest common factor of p and d?
9
Let j(d) = 2*d**2 + 6*d - 62. Let u be j(-9). What is the greatest common divisor of 943 and u?
23
Suppose 26*n - 45377 = -12851. What is the highest common divisor of n and 9?
9
Suppose -5*l + 3*l = -114. Suppose l = u + 7. Let q be (-13)/((-39)/66) + 3 + -5. What is the highest common factor of u and q?
10
Suppose 4*u + 16 = 76. Suppose -57*v = -70*v + 975. What is the greatest common factor of u and v?
15
Let r(d) = -d**2 + 18*d - 65. Let w be r(13). Suppose f = -w*f + 5. What is the greatest common factor of 5 and f?
5
Suppose -450 = -2*s + 2*g, 4*s + 0*s + 4*g - 876 = 0. What is the greatest common factor of 12 and s?
6
Suppose 7*d = -5*l + 4*d + 197, -78 = -2*l - 2*d. What is the highest common factor of l and 1640?
40
Let x = 62 + -45. Calculate the highest common factor of x and 34.
17
Let b = 18 + -21. Let o be b/9*12/(-2). Suppose 2*s - 97 = -5*a - 12, o*s - 4*a = 40. What is the greatest common divisor of 12 and s?
6
Let t = -117 + 113. Let z(q) = -2*q**3 - 2*q**2 + 2. Let r be z(t). What is the highest common factor of r and 14?
14
Let j(i) = 31*i - 1. Let s be j(-1). Let q be -4 - (-1 + 1 + s). Suppose 1262 - 86 = 6*h. Calculate the highest common factor of h and q.
28
Let y be -1 - (-172)/(1 - -3). What is the highest common factor of 42 and y?
42
Suppose 0 = -4*x + 22 + 42. Let u = 14 + -26. Let i be u/(-18) + (-12)/(-9). What is the highest common factor of i and x?
2
Suppose -111 = -59*h + 715. Calculate the greatest common factor of 18 and h.
2
Let l(i) = i**3 - 11*i**2 + 2. Let n be l(11). Let x be 6*(-2)/12*n + 71. Calculate the highest common divisor of x and 23.
23
Let r(v) = v**3 + 2*v**2 - 9*v - 4. Let o be r(-4). Suppose 0 = -2*a - o + 24. Let m be (-118)/(-10) - 2/(-10). What is the highest common divisor of a and m?
12
Suppose -45*c + 46*c = 119. What is the greatest common divisor of 34 and c?
17
Suppose 962 + 2386 = 12*b. What is the greatest common divisor of 31 and b?
31
Let a = 5 - 4. Let l be 11*(0 + a)*2. Let n(p) = 4*p**2 + 27*p + 78. Let h be n(-3). What is the highest common divisor of h and l?
11
Suppose 2*n - 6 + 28 = 0. Let g be 1*(2 - 2 - n). What is the highest common divisor of g and 33?
11
Let z(b) = -b**3 - 15*b**2 - 2*b - 15. Let f be z(-15). What is the highest common divisor of f and 25?
5
Let w(l) = -22*l**2 - 2*l + 2. Let y(u) = -23*u**2 - 2*u + 3. Let x(h) = -3*w(h) + 2*y(h). Let b be x(-2). Calculate the greatest common divisor of 19 and b.
19
Let c = -41 + 51. Suppose -4*y + y - 5*d + 28 = 0, -5*y - c = -3*d. What is the highest common factor of 1 and y?
1
Suppose 1191 = 5*w - 2*a - 9189, -5*a = 25. What is the highest common factor of w and 34?
34
Suppose -196 = -4*p + 5*h, 2*p - 2*h - 2*h = 92. Let a = 51 + -38. Suppose -a*f = -5*f - 288. What is the highest common divisor of p and f?
18
Suppose -2*m + 4224 = 234. Calculate the greatest common divisor of m and 15.
15
Suppose -g = -3*n - 80, -9 - 11 = 5*n. Calculate the greatest common divisor of 1088 and g.
68
Let k = -46 - -165. Let z = -55 + k. Suppose 3*b - 889 + z = 0. Calculate the greatest common factor of 25 and b.
25
Let u(l) = -l**2 - 37*l + 75. Let o be u(-31). Calculate the highest common divisor of 29 and o.
29
Suppose 0 = 4*k + 4*s - 52 + 8, -42 = -4*k - 2*s. Suppose k = 2*a + 2*x, 2*x + 3*x = 10. Suppose a = 2*o - 17. Calculate the greatest common factor of o and 5.
5
Let y be ((-1)/(-2))/(7 + 2012/(-288)). Let s be 7/((6/(-87))/(-2)). Suppose 2*b + 23 = s. What is the highest common factor of b and y?
18
Let q(i) = 19*i + 480. Let j be q(-16). Calculate the greatest common divisor of 16 and j.
16
Suppose 4*v - 200 = 3*v. Let l = 659 - 579. Calculate the greatest common divisor of l and v.
40
Suppose -2*q = -0*q - 6. Let k(u) = -10*u**2 + 1. Let c be k(-1). Let i be 81/(-6)*6/c. What is the greatest common divisor of i and q?
3
Let v be 2/4*(-8 + 8). Suppose v = -a - 132 + 4. Let w be (-18)/12*a/6. Calculate the greatest common divisor of w and 80.
16
Let t = -103 - -112. Suppose t*p = -8*p + 272. Calculate the greatest common factor of 16 and p.
16
Let s = 2348 - 692. Suppose 0 = -8*z + 520 + s. Calculate the highest common factor of z and 34.
34
Suppose 5*y = 8*t - 3*t - 10, -5*y + 5 = -2*t. Suppose 0 = -3*j - j - 48. Let f = 15 - j. What is the highest common divisor of f and y?
3
Let r(c) = -2*c**2 + 87*c + 171. Let y be r(45). What is the greatest common factor of y and 1008?
36
Suppose 2*q + q - 4*t = 12, 3*t + 9 = -q. Suppose -5*z + 256 + 59 = q. Calculate the greatest common factor of 9 and z.
9
Let g(n) = 6*n - 40. Let t be -39*(-5 + (-42)/(-9)). Let l be g(t). Calculate the highest common divisor of l and 19.
19
Let d = 34 + -94. Let f = d + 85. What is the greatest common divisor of 225 and f?
25
Suppose 28 - 23 = -5*m. Let q(z) = -430*z. Let v be q(m). Suppose 2*n + 578 = 4*p, -3*p - 7*n + 5*n = -v. Calculate the highest common divisor of p and 16.
16
Let n = 29 + -84. Let o = 78 + n. Suppose j = 6*j - 115. Calculate the greatest common factor of o and j.
23
Suppose -50 = -29*q + 211. Let u = 32 + -3. Suppose -11 = d + 4*c - u, -d + 5*c = -18. Calculate the greatest common divisor of d and q.
9
Let s = 62 + -68. Let w be (-9)/(27/s) + 40. What is the highest common factor of w and 63?
21
Let j be (-1 - 2/(-6))*-33. Let r be -8 + 3 + 0 + 0. Let g be (13 + 9)*r/(-2). Calculate the highest common divisor of g and j.
11
Let h(v) = -18*v + 196. Let c be h(-28). What is the greatest common factor of c and 84?
28
Let v(y) = 5*y - 3. Let d be v(-3). Let a(p) = -p**3 - 18*p**2 + 18. Let q be a(d). What is the highest common factor of q and 162?
18
Let m(o) = 2*o**2 - 3*o + 1. Let i be m(2). Let d be (0 + i - 5) + 12. Calculate the highest common factor of d and 40.
10
Suppose 2*g = -t + 33, 51 + 49 = 3*t + 5*g. Suppose -3*m + 3*n - 21 = -2*n, m + 6 = 2*n. Let y be (-2)/m + 166/12. What is the highest common factor of t and y?
7
Let w = -4598 + 6506. What is the greatest common factor of 36 and w?
36
Suppose -5*m = 3*x - 117, 5*m = -0*m - x + 119. Calculate the highest common factor of 384 and m.
24
Suppose -110*s - 5*q = -108*s - 60, 3*s - 56 = q. What is the highest common divisor of 92 and s?
4
Suppose 2*x = 0, 0 = u - 114*x + 110*x - 140. What is the highest common factor of 160 and u?
20
Let v(n) = 7*n**2 + 75*n - 11. Let k be v(-11). Calculate the greatest common factor of 770 and k.
11
Let f(i) = -1 + 11*i + 4 - 4*i**2 + 5*i**2 + 3. Let t be f(-12). Let c be (-3)/(-2)*1*t. What is the greatest common factor of c and 18?
9
Let n be 983724/1078 - 6/11. Calculate the highest common divisor of 48 and n.
48
Let f(u) = 2*u**2 + 3*u + 80. Let i be f(0). Let a = -69 + i. Suppose 4*t - 5*q = 73, -5*t - 2*q + 101 = -5*q. Calculate the highest common divisor of t and a.
11
Suppose -o - 4*g = o, 4*o = 2*g + 10. Calculate the greatest common divisor of 1 and o.
1
Suppose 14 = 5*g - 11. Suppose g*o = -3*q - 4, -o - 19 = -q - q. Calculate the greatest common divisor of q and 49.
7
Let s(r) = -60*r + 311. Let k be s(-6). What is the highest common divisor of k and 61?
61
Let x be (-8 - -9)*(25*1)/1. Let r(g) = 25*g. Let m(a) = a**2 + 2. Let s be m(0). Let j be r(s). What is the greatest common divisor of j and x?
25
Suppose 50 = 3*s + 2*s. Suppose 0 = -u - s + 38. Calculate the greatest common factor of 84 and u.
28
Let a = 793 - 685. Let l be -2*54/(-8)*2. Calculate the greatest common divisor of a and l.
27
Let m = 171 - 147. What is the greatest common factor of m and 3?
3
Let c = -80 - -82. Suppose -p - 3*p + 72 = 0. What is the highest common divisor of p and c?
2
Let d(s) = s**2 - 4*s + 112. Let o be d(0). Calculate the greatest common divisor of o and 48.
16
Suppose 4*f - 76 = f - v, 4*f + v = 100. Suppose -32 = -f*b + 20*b. What is the highest common factor 